{"id":312,"date":"2018-03-07T15:58:53","date_gmt":"2018-03-07T21:58:53","guid":{"rendered":"http:\/\/www.intekel.com\/blog\/?page_id=312"},"modified":"2020-04-17T11:57:12","modified_gmt":"2020-04-17T16:57:12","slug":"diseno-de-aplicaciones-moviles","status":"publish","type":"page","link":"https:\/\/www.intekel.com\/blog\/diseno-de-aplicaciones-moviles\/","title":{"rendered":"Dise\u00f1o de Aplicaciones M\u00f3viles para iOS de Apple y Android de Google"},"content":{"rendered":"<p><img loading=\"lazy\" decoding=\"async\" class=\"aligncenter size-full wp-image-377\" src=\"http:\/\/www.intekel.com\/blog\/wp-content\/uploads\/2018\/03\/diseno-app-moviles-1.jpg\" alt=\"\" width=\"1140\" height=\"482\" srcset=\"https:\/\/www.intekel.com\/blog\/wp-content\/uploads\/2018\/03\/diseno-app-moviles-1.jpg 1140w, https:\/\/www.intekel.com\/blog\/wp-content\/uploads\/2018\/03\/diseno-app-moviles-1-300x127.jpg 300w, https:\/\/www.intekel.com\/blog\/wp-content\/uploads\/2018\/03\/diseno-app-moviles-1-768x325.jpg 768w, https:\/\/www.intekel.com\/blog\/wp-content\/uploads\/2018\/03\/diseno-app-moviles-1-1024x433.jpg 1024w\" sizes=\"auto, (max-width: 1140px) 100vw, 1140px\" \/><\/p>\n<p>El uso de las aplicaciones m\u00f3viles (apps), a nivel mundial representa un sector en r\u00e1pido crecimiento, tan solo en M\u00e9xico se estima que existe poco m\u00e1s de 23 millones de personas que cuentan con un dispositivo m\u00f3vil.<\/p>\n<p>Intekel Automatizaci\u00f3n ofrece servicios de dise\u00f1o y desarrollo de aplicaciones m\u00f3viles para las plataformas en iOS de Apple y Android de Google, lo que facilita al usuario de realizar diversos tipos de trabajo y al acceso a informaci\u00f3n corporativa a trav\u00e9s de smartphones, tabletas, etc.<\/p>\n<hr \/>\n<h1 class=\"subtitle\">Beneficios<\/h1>\n<p>Las soluciones para dispositivos m\u00f3viles ofrecen al usuario los siguientes beneficios:<\/p>\n<ul>\n<li>Acceder en tiempo real a la informaci\u00f3n que necesita de la empresa<\/li>\n<li>Administrar el inventario, su stock y pedidos a proveedores<\/li>\n<li>Consultar indicadores de desempe\u00f1o financiero y operativo de su empresa<\/li>\n<li>Controlar sus procesos industriales a trav\u00e9s de alertas y notificaciones<\/li>\n<li>Avisos de fallas de la maquinaria, equipo y herramientas<\/li>\n<li>Lectura y procesamiento de datos a trav\u00e9s de tecnolog\u00eda RFID y NFC para soluciones de inventario, ventas y log\u00edstica<\/li>\n<\/ul>\n","protected":false},"excerpt":{"rendered":"<p>El uso de las aplicaciones m\u00f3viles (apps), a nivel mundial representa un sector en r\u00e1pido crecimiento, tan solo en M\u00e9xico se estima que existe poco m\u00e1s de 23 millones de personas que cuentan con un dispositivo m\u00f3vil. Intekel Automatizaci\u00f3n ofrece servicios de dise\u00f1o y desarrollo de aplicaciones m\u00f3viles para las plataformas en iOS de Apple [&hellip;]<\/p>\n","protected":false},"author":1,"featured_media":0,"parent":0,"menu_order":0,"comment_status":"closed","ping_status":"closed","template":"","meta":{"sfsi_plus_gutenberg_text_before_share":"","sfsi_plus_gutenberg_show_text_before_share":"","sfsi_plus_gutenberg_icon_type":"","sfsi_plus_gutenberg_icon_alignemt":"","sfsi_plus_gutenburg_max_per_row":"","footnotes":""},"class_list":["post-312","page","type-page","status-publish","hentry"],"_links":{"self":[{"href":"https:\/\/www.intekel.com\/blog\/wp-json\/wp\/v2\/pages\/312","targetHints":{"allow":["GET"]}}],"collection":[{"href":"https:\/\/www.intekel.com\/blog\/wp-json\/wp\/v2\/pages"}],"about":[{"href":"https:\/\/www.intekel.com\/blog\/wp-json\/wp\/v2\/types\/page"}],"author":[{"embeddable":true,"href":"https:\/\/www.intekel.com\/blog\/wp-json\/wp\/v2\/users\/1"}],"replies":[{"embeddable":true,"href":"https:\/\/www.intekel.com\/blog\/wp-json\/wp\/v2\/comments?post=312"}],"version-history":[{"count":5,"href":"https:\/\/www.intekel.com\/blog\/wp-json\/wp\/v2\/pages\/312\/revisions"}],"predecessor-version":[{"id":691,"href":"https:\/\/www.intekel.com\/blog\/wp-json\/wp\/v2\/pages\/312\/revisions\/691"}],"wp:attachment":[{"href":"https:\/\/www.intekel.com\/blog\/wp-json\/wp\/v2\/media?parent=312"}],"curies":[{"name":"wp","href":"https:\/\/api.w.org\/{rel}","templated":true}]}}